e greatest common divisor of 1 and y?
1
Let q = 18 - 13. Suppose -53 = 2*d - 25. Let f be 2976/84 - (-6)/d. Calculate the greatest common divisor of q and f.
5
Let f = 92 - -8. Suppose 0 = -2*r - 518*m + 516*m + 320, -2*r + 320 = 3*m. Calculate the greatest common factor of r and f.
20
Let f be -2*7/7 + (-48)/(-4) + 1. Calculate the greatest common divisor of 123 and f.
1
Let j = -1 - -1. Suppose j = -0*d + 5*d - 275. Suppose -291*r + 2050 = 551*r - 16474. Calculate the highest common divisor of r and d.
11
Let w = 4123 + -4057. What is the highest common divisor of 15 and w?
3
Suppose 9*t - 6*t - 171 = 0. Suppose r + 38 = 3*m - 22, -4*r = -3*m + 69. Suppose 4*b - m = t. Calculate the greatest common divisor of 152 and b.
19
Let s = -534 - -1345. Let h = s + -335. Calculate the greatest common divisor of 28 and h.
28
Suppose 66 + 456 = -3*s. Let f = -82 - s. Suppose 3*r = 7*r - f. What is the highest common divisor of r and 23?
23
Let t be 49/(-28)*(4 + 0). Let c = 64 + t. Let n = -34352 + 34447. What is the highest common divisor of n and c?
19
Suppose -2*h + 38 = -h + 5*p, 4*p + 152 = 4*h. Suppose -3*r + 625 = -h. What is the highest common divisor of 17 and r?
17
Let p(z) = -48*z + 6. Let q(l) = -48*l + 6. Let r = -96 + 102. Let w(i) = r*p(i) - 4*q(i). Let b be w(-1). Calculate the highest common factor of 12 and b.
12
Let u be 2 - (18/8)/(3/(-12)). Let d(q) = 9*q - 25. Let c be d(3). Suppose 0 = -c*h + h + u. Calculate the highest common factor of 11 and h.
11
Let s be (164*-2 - -1) + (5 - 5). Let p = s + 470. What is the highest common factor of p and 52?
13
Let d = 177 + -177. Suppose -3*p = -d*p + 3*y - 159, 0 = -5*p + 5*y + 275. Calculate the highest common divisor of p and 27.
27
Suppose 7*k = 3*k + 700. Suppose -177*n = -k*n - 34. Calculate the greatest common divisor of n and 153.
17
Suppose -105*k - 13197 - 313458 = -156*k. What is the greatest common divisor of k and 105?
105
Suppose 10*r = 13*r - 27. Let l = r - 13. Let f be (10/l)/(8/(-16)). What is the highest common factor of f and 5?
5
Let f be 95/(-76) - (-5700)/80. Calculate the highest common factor of f and 1505.
35
Let c = -3098 - -3472. Calculate the greatest common factor of c and 68.
34
Let l(t) = t**3 + 24*t**2 + 12*t - 187. Let n be l(-23). What is the greatest common factor of n and 550?
22
Suppose d + 5*x - 2790 = 265, 12157 = 4*d - x. What is the highest common divisor of 480 and d?
160
Suppose 32*r - 37*r = -50. Suppose 71 = -r*p + 251. Calculate the highest common factor of 234 and p.
18
Suppose -88*v = 66*v - 11550. Calculate the highest common divisor of 1065 and v.
15
Let g be ((-20)/8)/(3/6). Let p(i) = -i**2 - 13*i - 32. Let h be p(g). What is the greatest common divisor of 8 and h?
8
Suppose -19*f + 22*f - 82386 = v, 3*v = 5*f - 137318. What is the highest common divisor of f and 40?
20
Let p(i) = 49*i + 745. Let a be p(-15). Let z be (-38)/(-1) - 24/8. What is the greatest common divisor of a and z?
5
Suppose -193*b - 47934 = -213*b + 87726. Calculate the greatest common divisor of 476 and b.
119
Let a be -6 - -36*6/3. Let q = a - 48. Calculate the greatest common factor of 153 and q.
9
Let j(o) = -135*o**2 + 1409*o + 8. Let p be j(10). What is the greatest common factor of 115 and p?
23
Let c be (-9 - (-145)/10) + (-3)/2 - -178. What is the greatest common divisor of c and 28392?
182
Let f = -32 + 55. Suppose 2*g + 48 = 4*y, 24 = 2*y - g - 2*g. Let c be (53625/(-20))/(-13) - (-9)/y. Calculate the greatest common divisor of f and c.
23
Suppose 0 = -7*o - 434 + 413. Let a(c) = -17*c**3 - 3*c**2 + 4*c + 14. Let y be a(o). What is the highest common factor of 62 and y?
62
Let d be -3 + 16 + 2096 - -19. Calculate the highest common factor of d and 84.
28
Let t = 32826 - 32775. Calculate the greatest common factor of 11101 and t.
17
Let z(y) = 4*y**2 - 4*y - 10. Let i = -115 + 112. Let o be z(i). What is the greatest common divisor of 2 and o?
2
Let w be (-2 - -104) + ((-2)/(-5))/((-43)/(-645)). What is the greatest common factor of w and 4500?
36
Let t be 46 + (10 - 7 - 6). Calculate the highest common factor of 86 and t.
43
Let h = -5 - -68. Suppose 2*i - h = -w, 3*i - w = 6*i - 96. What is the greatest common factor of i and 9?
3
Let r be (11 - 6) + -5 - (-1064 + -1)/5. What is the highest common divisor of r and 6248?
71
Suppose 6*r = 247 + 5. Suppose -11*d - r = -14*d. What is the highest common factor of 98 and d?
14
Let m(q) = 4*q**3 - 66*q**2 + 28*q + 22. Let o be m(17). Calculate the highest common factor of 20 and o.
4
Let q be (-44*2/(-40) - 1)/((-6)/(-2300)). What is the greatest common factor of 820 and q?
20
Let l be 48654/27*(-2)/4. Let m = l + 2069. What is the highest common factor of 73 and m?
73
Let f = -286 - -505. Let t = f - 127. Calculate the greatest common divisor of 4 and t.
4
Let r = 35204 + -35152. Calculate the greatest common divisor of r and 2535.
13
Let x(d) = 4*d - 37. Let f be x(10). Let v be (-18)/(-2) + f/((-12)/(-20)). What is the highest common factor of 322 and v?
14
Let n(x) = 2044*x - 39. Let y be n(4). Calculate the greatest common factor of y and 316.
79
Let j be 4 + 2 + -9 + 228. Suppose k + 4*k = j. What is the highest common factor of k and 63?
9
Let a be 2/5 - (-2004)/15. Let x = -120 + a. Calculate the highest common divisor of 42 and x.
14
Let i be (-9)/((-27)/(-168) - 6/21). Let w = 8 - 6. Suppose -t + 14 = 4*q, 0*t = 3*t - w*q - 56. What is the greatest common divisor of t and i?
18
Let l(k) = -k**3 - 22*k**2 - 134*k - 55. Let v be l(-9). Calculate the greatest common divisor of v and 1694.
14
Let q = 1280 + -905. Suppose 1767 - q = 6*d. Calculate the greatest common factor of 29 and d.
29
Suppose -251 = -b - u - 0*u, u + 1 = 0. Suppose 3*f - b - 72 = 0. Suppose f = 2*w + w. What is the greatest common factor of w and 12?
12
Suppose 3488*u - 1224 = 3454*u. What is the greatest common divisor of u and 1956?
12
Suppose -5*u + 15 = 5*i, -2*i = -u + 2*i - 7. Let c be (40/(-16))/(u/4). Let r = 24 + c. Calculate the highest common factor of r and 14.
14
Let f = -41 - -44. Suppose -v - f*v = -48. Suppose -v*c + 3*c + 99 = 0. What is the highest common divisor of 99 and c?
11
Suppose -5*w = 2*k - 1018, -k - 4*w + 570 = 58. Let d = -492 + k. Calculate the highest common factor of d and 20.
4
Suppose -5*k + 11123 = -4*y, 7749 = 5*k - 5*y - 3376. Calculate the highest common factor of k and 819.
117
Suppose -23494 + 70046 = 33*c - 226061. What is the greatest common divisor of 55 and c?
11
Let x = -5621 + 6779. What is the greatest common factor of x and 30?
6
Let t(x) = 7*x**2 - 14*x - 880. Let b be t(-21). What is the highest common factor of 61 and b?
61
Suppose -q = -12*q + 66. Let d be (-4 - -34)*4/q. Calculate the highest common divisor of d and 160.
20
Suppose 0 = 33*m - 59*m + 16666. Calculate the highest common factor of 1 and m.
1
Suppose 52 = 2*a - 2*d, -9 - 13 = -2*a - 4*d. Suppose 16*h - a*h = -120. Let x be 6/2 - (-188 + -1). What is the greatest common divisor of x and h?
24
Let c(v) = -6*v - 5 - 64*v + 9 + 0. Let y be c(-2). Suppose y = t + 2*t. What is the highest common factor of 6 and t?
6
Suppose -89*w = -98*w + 1053. Calculate the highest common divisor of w and 63.
9
Let g(r) = 17*r + 340. Let y be g(-17). What is the greatest common divisor of y and 595?
17
Let t(f) = -1 - 3*f + f**3 - 5 + 9. Let d be t(2). Calculate the greatest common factor of 45 and d.
5
Suppose -67*j + 316 = -6719. Let t = -3 + 3. Suppose x - 4*x + 63 = t. Calculate the highest common factor of x and j.
21
Suppose 2*r = -4*q + 146, 2*r - 74 = 228*q - 230*q. Calculate the greatest common divisor of q and 9.
9
Suppose -4*q - 2*w + 126 = 0, -q + 27 = -0*q - w. Suppose -5*y + q + 80 = 0. Calculate the highest common divisor of y and 2.
2
Suppose -2*s + 217*x - 219*x = -25150, -50293 = -4*s - 3*x. Calculate the highest common divisor of 8 and s.
8
Let w(q) = 17*q**2 - 114*q + 4292. Let z be w(37). What is the highest common divisor of 37 and z?
37
Let f(w) = 3*w + 28. Let d be f(-9). Let t(o) = 326*o**2 - 2*o + 4. Let i be t(d). Calculate the highest common divisor of 16 and i.
8
Let l(g) = 5*g**3 - 3*g**2 + 3*g + 2. Let c be l(3). Let i = c + -70. Suppose -71*t = -312 - 682. What is the highest common factor of t and i?
7
Le